) = 44*r**2. Let q be s(1). Let f = q - 25. What is the units digit of f?
9
Let a be (6 - 5)*52/1. Let y = a - 33. Let v = -8 + y. What is the units digit of v?
1
Let p be (-3 - 15/(-6))*0. Let w(c) = 2*c**3 + 17 - c**3 - 4. What is the units digit of w(p)?
3
Let r be (-2)/10 - 1/(-5). Suppose 5*j = y - r*y - 5, -1 = j + y. What is the tens digit of (27/(-36))/(j/24)?
1
Let q(a) = a**3 + 8*a**2 + 6*a - 2. Let p be q(-7). Suppose p*w + 29 = -0*d + 2*d, 3*w + 7 = -4*d. Suppose -d*l = -0 - 2. What is the units digit of l?
1
Let u(a) = a - 3 - 4*a**2 + 4 + 7*a**2. What is the tens digit of u(-2)?
1
Let o(a) be the second derivative of -a**3/3 - 3*a**2/2 - 3*a. What is the units digit of o(-4)?
5
Let z(n) = -n**2 - 6*n + 6. Let o(g) = g. Let t be o(-5). What is the units digit of z(t)?
1
Let r(p) = 4*p - p**2 - 6*p - 4*p + 5. Let w be r(-6). Suppose 0 = -2*j - w*m + 25, j + 22 = 3*j + 2*m. What is the tens digit of j?
1
Suppose 3*x = -3*f + x + 7, 3*f = x + 10. Suppose f*m = 4*m - 6. What is the units digit of 4/m*(-9)/(-6)?
1
Let r = 1 - -11. Suppose 0 = -5*o + 2*v + v + 111, 4*v = r. What is the tens digit of o?
2
Let n(z) be the second derivative of z**3/2 - z**2/2 + 6*z. What is the units digit of n(4)?
1
Let f(w) = w**3 + 12*w**2 - 20*w + 16. What is the hundreds digit of f(-13)?
1
Suppose -2*j + 774 = j. What is the hundreds digit of j?
2
Suppose -3*q = -l + 50 - 14, -4*l + 134 = -2*q. What is the tens digit of l?
3
Suppose -2*u - u + 5*v = 23, 0 = -3*u - v - 17. Let x = 8 + u. Suppose 55 = 5*j - 5*l, l = -x*j + 6*l + 25. What is the units digit of j?
0
Suppose 711 = 8*c + c. What is the units digit of c?
9
Let m = 8 + -4. Suppose m*b + 0*b = -40. What is the units digit of (-4)/(-6) - b/3?
4
Let h = 10 + 61. Suppose 0 = i - 2*t - 30 + 5, 3*t = -2*i + h. What is the units digit of i?
1
Let w = 64 - 39. Suppose 0 = -5*z - w + 105. What is the units digit of z?
6
Suppose 2*r + 4 = 3*b, 4*r + 3*b - 4*b = 12. Suppose t = x + 1, 2*x + 3 = -t + r*t. Suppose -26 = -5*a - t. What is the units digit of a?
5
Let r be 4/(-16)*2*0. Suppose -9 = -r*c - c. What is the units digit of c?
9
Suppose 1 = -3*j - 2. Let n be 0/(1 - 2)*j. Let r = 3 + n. What is the units digit of r?
3
Suppose -2*d - 84 = k + 57, d = 0. What is the units digit of k/(-27) + 2/(-9)?
5
Suppose 0 = -2*t - 2*h - 0*h - 88, 3*h - 48 = t. Let n = t - -72. What is the tens digit of n?
2
Suppose 2*s + s + 189 = 0. Let z = s + 92. What is the tens digit of z?
2
Let k = 33 + -35. Let g = -23 - -34. What is the tens digit of (-4)/k + 1*g?
1
Suppose -2*m = -5*m + 15. Suppose m*o = o + 32. What is the units digit of o?
8
Let g = -6 - -14. Suppose b - 4 = -3*j, -2*j = 2*b - 7*j - g. What is the units digit of b?
4
Suppose 0 = 7*u - 2*u - 670. What is the hundreds digit of u?
1
Suppose -v + 2 - 1 = 0. Let b(i) = 6*i**2 - 2*i + 1. Let p(j) = j**2 - j + 1. Let w(y) = v*b(y) - p(y). What is the units digit of w(1)?
4
Let g = -22 - -36. Let n be -1 + (g - (-1 - 1)). Let v = n + -2. What is the tens digit of v?
1
Let s(u) = -u**2 + 6*u + 4. Let p be s(6). Suppose 0*l = p*l, 4*g + 4*l - 32 = 0. What is the units digit of g?
8
Let v(m) = 4*m + 8. Let u be v(-6). Let r be (-272)/(-12) - (-2)/(-3). Let z = u + r. What is the units digit of z?
6
Suppose 0 = a - 2*a + 10. Suppose f + 0*f - a = 0. What is the tens digit of f?
1
Suppose i + 80 = -3*i. Let d be 2/(-5) + (-159)/15. Let u = d - i. What is the units digit of u?
9
Let i(d) = d. Let v(u) = -9*u**3 - u**2 + 6*u + 1. Let q(f) = -6*i(f) + v(f). What is the units digit of q(-1)?
9
Let s = 8 + 7. Let o(t) = -2*t - 2. Let a be o(-2). Suppose a*q - 5*w - 22 = 0, q + s - 4 = -3*w. What is the units digit of q?
1
Suppose 3*b - l = 6 + 7, 2*l = b - 11. Suppose -2*j - 3*q + 2 = -15, 29 = 4*j + q. Suppose -o + j = -b. What is the units digit of o?
0
Suppose -40 = -q - 0*q. Suppose -u = 3*u + 4*h - q, 3*u + 5*h = 36. What is the units digit of u?
7
Suppose -p - 2*n + 20 = 2*n, -p - 10 = -2*n. Let s be (-45)/(-6)*(2 - p). Suppose -s = -6*k + k. What is the units digit of k?
3
Let q(y) be the first derivative of y**3/3 + 13*y - 2. What is the tens digit of q(0)?
1
Let k(c) = -c**2 + 5*c - 2. Let r be k(4). Suppose -14 = g - r*g. What is the tens digit of g?
1
Let n(g) = g**2 - 12*g + 8. Let k be n(9). Let z = k - -9. What is the units digit of (-1 + z/(-6))*12?
8
Suppose -8 = -5*g + 12. Suppose -11 + 5 = -g*b - 5*z, 3*b = 3*z + 18. What is the units digit of b?
4
Suppose -3*m - 5*c + 46 = 0, 2*c = 4*m - 20 + 2. Let w = -4 + m. Suppose k - 28 = -w*k. What is the units digit of k?
7
Let b = 2 + 14. Suppose 5*t + 14 = -b. What is the units digit of 12/(-8)*4/t?
1
Let w(x) = -x**3 + 7*x**2 - 6*x. Let b be w(4). Let k = 0 + b. What is the tens digit of k?
2
Let c(n) be the third derivative of n**5/60 - n**3/6 + 3*n**2. What is the units digit of c(2)?
3
Let w = -61 + 80. What is the units digit of w?
9
Let j(m) = 5*m - 1. Let w be j(3). Suppose 5*b + 25 = 5*z, 4*z + 0*b = b + w. What is the units digit of 3*(1 + (-2)/z)?
1
Let q = 0 + 35. What is the tens digit of q?
3
What is the units digit of 2/4 + (-323)/(-38)?
9
Let o be 50/(-3)*18/(-15). Let b be (-1 + -1)/(8/o). Let d = b - -6. What is the units digit of d?
1
Let q = -62 + 96. What is the units digit of q?
4
Suppose 400 = 3*d + d. What is the units digit of d?
0
What is the units digit of 3/((-192)/68 + 3)?
7
Let c = 16 - 26. What is the units digit of (68/c)/((-1)/5)?
4
Let c = -182 - -301. What is the units digit of c?
9
Suppose -4*z = -s - 13 + 49, 2*s + 4*z = 60. What is the units digit of s?
2
Let y be 1/(-2*2/160). Let l = -26 - y. What is the units digit of l?
4
Let o(r) be the second derivative of r**5/20 + 5*r**4/6 - r**3/6 + 3*r**2/2 - 10*r. What is the units digit of o(-10)?
3
Suppose q = 0, 2*y - 39 = 3*q + 53. What is the tens digit of y?
4
Let y = -8 + 8. Suppose y = 3*m - 21. What is the units digit of m?
7
What is the units digit of 2*(-2 - 10/(-4)) - -50?
1
Let x(j) = j**2 - 5*j - 4. Let b be x(6). Let s = b + 8. What is the tens digit of s?
1
Suppose f - 3 = -2*f, 3*o = -4*f + 16. Suppose d = -o*d - 20. Let w(r) = r**2 + r - 4. What is the units digit of w(d)?
8
Suppose -4*t - 12 = -0*y - 4*y, -3*y = 3*t - 33. Let l = -2 + y. What is the units digit of l?
5
Suppose 253 = 3*k - 5*h, 0 = -k - 3*h + 5*h + 84. What is the tens digit of k?
8
Let l be (-1)/((4/50)/2). Let f = -54 - l. Let m = 42 + f. What is the units digit of m?
3
Let d(p) = 4*p - 5. Let s be d(6). Suppose 0 = 5*l - s - 11. Suppose 3*a = -f - 2*a - 5, -2*a - l = 0. What is the units digit of f?
0
Suppose 0 = h - 4*h + 9. Suppose -5*p - 4*a = 12, 4*p + a + 6 - h = 0. What is the units digit of 1*5 - (2 - p)?
3
What is the tens digit of (4 - 6) + 194 - (-1 + -1)?
9
Let q(p) = 3*p**2 + 5*p + 18. What is the units digit of q(-6)?
6
Let z = 224 - 51. What is the units digit of z?
3
Suppose 2*n = 4*n - 6, 5*j = -2*n + 196. Suppose 5*a - 67 - j = 0. What is the units digit of a?
1
Let w = -177 + 261. What is the units digit of w?
4
Let t(m) = 2 - 3 + m - 2 - 2. Let l be t(0). Let p = -4 - l. What is the units digit of p?
1
Let i = 19 - 11. What is the units digit of (-1)/3*-3*i?
8
Let j(w) = w**3 - 7*w + 3. What is the units digit of j(3)?
9
Suppose 3*x = 131 + 55. What is the units digit of x?
2
Let p = 360 + -208. Suppose 5*n = -32 + p. Suppose 2*b - j = b + n, 4*b + 4*j = 56. What is the tens digit of b?
1
Let s(n) = -5*n + 3. Let x be s(3). Let y(a) = a**2 - a + 2. Let t be y(3). What is the units digit of 66/9 - t/x?
8
Let f be 1 + (-5)/(1 + 0). Let q be f/10 + (-17)/(-5). Let p(b) = b**3 - 2*b**2 - 4. What is the units digit of p(q)?
5
Let a be (-171)/33 - (-2)/11. Let n(z) = -z**2 - 6*z + 2. Let p be n(a). Suppose -3*c + p = -2*c. What is the units digit of c?
7
Suppose 2*w - 4 = 2*k, 4*w - 5*k = -4*k - 4. Let j = 14 + w. What is the units digit of j?
2
Let y = -2 + 4. What is the units digit of (0 - -3)/(y/14)?
1
Suppose 153 = 4*j - 15. What is the units digit of j?
2
Let w(d) = -d**2 + 10*d + 3. Let u be w(10). Suppose -u*f = -f + 12. What is the units digit of 3*(-2)/f - -6?
7
Suppose -o = -3*s + 4*o + 1, 49 = -3*s - 5*o. Let w(k) = -k - 8. Let x be w(s). Suppose 4*f + x*f - 20 = 0. What is the units digit of f?
5
Suppose 6*s